
{"id":143,"date":"2017-12-01T17:06:19","date_gmt":"2017-12-01T19:06:19","guid":{"rendered":"http:\/\/fgholding.com.br\/johari\/?page_id=143"},"modified":"2018-04-20T11:56:03","modified_gmt":"2018-04-20T14:56:03","slug":"executive-coaching","status":"publish","type":"page","link":"https:\/\/johariconsultoria.com.br\/index.php\/servicos\/gestao-de-pessoas-e-treinamento\/executive-coaching\/","title":{"rendered":"Executive Coaching"},"content":{"rendered":"<p>Assuma uma posi\u00e7\u00e3o estrat\u00e9gica em seu neg\u00f3cio!<\/p>\n<p>O Coaching \u00e9 um excelente processo para apoiar o crescimento do neg\u00f3cio e dos recursos humanos de uma organiza\u00e7\u00e3o. O intuito \u00e9 preparar os profissionais para assumir uma nova posi\u00e7\u00e3o estrat\u00e9gica, desenvolvendo equipes, habilidades espec\u00edficas, lideran\u00e7a e gest\u00e3o, visando a melhoria do desempenho, alta performance em seus cargos atuais e o alcance de objetivos tra\u00e7ados.<\/p>\n<p>O processo de coaching nas organiza\u00e7\u00f5es \u00e9 chamado de <strong>Executive Coaching<\/strong>, na Johari\u00a0 oferecemos aos nossos clientes as seguintes modalidades:<\/p>\n<p>Coaching de Carreira<br \/>\nCoaching para L\u00edderes<br \/>\nCoaching para Equipes \u2013 Team Coaching<br \/>\nCoaching Skill (Habilidades Espec\u00edficas)<br \/>\nBusiness Coaching (Coaching de Neg\u00f3cios)<\/p>\n<p>Utilizamos processo de coaching personalizado com instrumentos de <strong>Assessment<\/strong> e fundamentado na Psicologia Comportamental, Neuroci\u00eancia e Psicologia Positiva com efic\u00e1cia cientificamente comprovada e validada com os resultados de nossos clientes por meio do M\u00e9todo Resultar de Coaching.<\/p>\n<p><img loading=\"lazy\" src=\"\/wp-content\/uploads\/2018\/02\/EXECUTIVE-COACHING.png\" alt=\"\" width=\"935\" height=\"311\" class=\"alignnone size-full wp-image-496\" srcset=\"https:\/\/johariconsultoria.com.br\/wp-content\/uploads\/2018\/02\/EXECUTIVE-COACHING.png 935w, https:\/\/johariconsultoria.com.br\/wp-content\/uploads\/2018\/02\/EXECUTIVE-COACHING-300x100.png 300w, https:\/\/johariconsultoria.com.br\/wp-content\/uploads\/2018\/02\/EXECUTIVE-COACHING-768x255.png 768w\" sizes=\"(max-width: 935px) 100vw, 935px\" \/><\/p>\n","protected":false},"excerpt":{"rendered":"<p>Assuma uma posi\u00e7\u00e3o estrat\u00e9gica em seu neg\u00f3cio! O Coaching \u00e9 um excelente processo para apoiar o crescimento do neg\u00f3cio e dos recursos humanos de uma organiza\u00e7\u00e3o. O intuito \u00e9 preparar os profissionais para assumir uma nova posi\u00e7\u00e3o estrat\u00e9gica, desenvolvendo equipes, habilidades espec\u00edficas, lideran\u00e7a e gest\u00e3o, visando a melhoria do desempenho, alta performance em seus cargos [&hellip;]<\/p>\n","protected":false},"author":1,"featured_media":0,"parent":49,"menu_order":0,"comment_status":"closed","ping_status":"closed","template":"page-servico.php","meta":[],"_links":{"self":[{"href":"https:\/\/johariconsultoria.com.br\/index.php\/wp-json\/wp\/v2\/pages\/143"}],"collection":[{"href":"https:\/\/johariconsultoria.com.br\/index.php\/wp-json\/wp\/v2\/pages"}],"about":[{"href":"https:\/\/johariconsultoria.com.br\/index.php\/wp-json\/wp\/v2\/types\/page"}],"author":[{"embeddable":true,"href":"https:\/\/johariconsultoria.com.br\/index.php\/wp-json\/wp\/v2\/users\/1"}],"replies":[{"embeddable":true,"href":"https:\/\/johariconsultoria.com.br\/index.php\/wp-json\/wp\/v2\/comments?post=143"}],"version-history":[{"count":5,"href":"https:\/\/johariconsultoria.com.br\/index.php\/wp-json\/wp\/v2\/pages\/143\/revisions"}],"predecessor-version":[{"id":634,"href":"https:\/\/johariconsultoria.com.br\/index.php\/wp-json\/wp\/v2\/pages\/143\/revisions\/634"}],"up":[{"embeddable":true,"href":"https:\/\/johariconsultoria.com.br\/index.php\/wp-json\/wp\/v2\/pages\/49"}],"wp:attachment":[{"href":"https:\/\/johariconsultoria.com.br\/index.php\/wp-json\/wp\/v2\/media?parent=143"}],"curies":[{"name":"wp","href":"https:\/\/api.w.org\/{rel}","templated":true}]}}