
{"id":294,"date":"2018-01-24T09:08:39","date_gmt":"2018-01-24T11:08:39","guid":{"rendered":"http:\/\/fgholding.com.br\/johari\/?page_id=294"},"modified":"2018-03-21T11:02:44","modified_gmt":"2018-03-21T14:02:44","slug":"coaching-de-carreira","status":"publish","type":"page","link":"https:\/\/johariconsultoria.com.br\/index.php\/servicos\/performance-no-trabalho\/coaching-de-carreira\/","title":{"rendered":"Coaching de Carreira"},"content":{"rendered":"<p><strong>Voc\u00ea \u00e9 bem-sucedido na sua carreira profissional? <\/strong><\/p>\n<p>Se sim, que outro resultado deseja alcan\u00e7ar? Se n\u00e3o, o que precisa fazer agora para ser bem-sucedido? Seja qual for a sua resposta para essas perguntas o <strong>Coaching de Carreira<\/strong> \u00e9 a melhor solu\u00e7\u00e3o para seu momento atual na \u00e1rea profissional. Esse coaching \u00e9 indicado para pessoas em qualquer fase da carreira, pois auxilia a detectar pontos fortes, pontos de melhoria, seus valores, motiva\u00e7\u00f5es e, por fim, definir com assertividade os passos para alcan\u00e7ar a realiza\u00e7\u00e3o em sua vida profissional. <\/p>\n<p><img loading=\"lazy\" src=\"\/wp-content\/uploads\/2018\/02\/COACHING-CARREIRA-1.png\" alt=\"\" width=\"935\" height=\"442\" class=\"alignnone size-full wp-image-477\" srcset=\"https:\/\/johariconsultoria.com.br\/wp-content\/uploads\/2018\/02\/COACHING-CARREIRA-1.png 935w, https:\/\/johariconsultoria.com.br\/wp-content\/uploads\/2018\/02\/COACHING-CARREIRA-1-300x142.png 300w, https:\/\/johariconsultoria.com.br\/wp-content\/uploads\/2018\/02\/COACHING-CARREIRA-1-768x363.png 768w\" sizes=\"(max-width: 935px) 100vw, 935px\" \/><\/p>\n<p>Decidir sobre a carreira exige autoconhecimento e assertividade, o M\u00e9todo Resultar da Coaching da Johari pode ajudar voc\u00ea trabalhando: <\/p>\n<p><img loading=\"lazy\" src=\"\/wp-content\/uploads\/2018\/02\/coaching-de-carreira.jpg\" alt=\"\" width=\"922\" height=\"652\" class=\"alignnone size-full wp-image-525\" srcset=\"https:\/\/johariconsultoria.com.br\/wp-content\/uploads\/2018\/02\/coaching-de-carreira.jpg 922w, https:\/\/johariconsultoria.com.br\/wp-content\/uploads\/2018\/02\/coaching-de-carreira-300x212.jpg 300w, https:\/\/johariconsultoria.com.br\/wp-content\/uploads\/2018\/02\/coaching-de-carreira-768x543.jpg 768w\" sizes=\"(max-width: 922px) 100vw, 922px\" \/><\/p>\n<p>Aqui, esse processo \u00e9 conduzido por uma Coach, profissional especialmente preparada e capacitada, com o intuito de despertar em seu cliente o movimento de mudan\u00e7a necess\u00e1rio ao seu cont\u00ednuo crescimento profissional e pessoal. Trabalhamos com <strong>Consultoria Empresarial<\/strong> e <strong>Coaching<\/strong> desde 2007, trazendo benef\u00edcios concretos para nossos clientes.<\/p>\n","protected":false},"excerpt":{"rendered":"<p>Voc\u00ea \u00e9 bem-sucedido na sua carreira profissional? Se sim, que outro resultado deseja alcan\u00e7ar? Se n\u00e3o, o que precisa fazer agora para ser bem-sucedido? Seja qual for a sua resposta para essas perguntas o Coaching de Carreira \u00e9 a melhor solu\u00e7\u00e3o para seu momento atual na \u00e1rea profissional. Esse coaching \u00e9 indicado para pessoas em [&hellip;]<\/p>\n","protected":false},"author":1,"featured_media":0,"parent":45,"menu_order":0,"comment_status":"closed","ping_status":"closed","template":"page-servico.php","meta":[],"_links":{"self":[{"href":"https:\/\/johariconsultoria.com.br\/index.php\/wp-json\/wp\/v2\/pages\/294"}],"collection":[{"href":"https:\/\/johariconsultoria.com.br\/index.php\/wp-json\/wp\/v2\/pages"}],"about":[{"href":"https:\/\/johariconsultoria.com.br\/index.php\/wp-json\/wp\/v2\/types\/page"}],"author":[{"embeddable":true,"href":"https:\/\/johariconsultoria.com.br\/index.php\/wp-json\/wp\/v2\/users\/1"}],"replies":[{"embeddable":true,"href":"https:\/\/johariconsultoria.com.br\/index.php\/wp-json\/wp\/v2\/comments?post=294"}],"version-history":[{"count":7,"href":"https:\/\/johariconsultoria.com.br\/index.php\/wp-json\/wp\/v2\/pages\/294\/revisions"}],"predecessor-version":[{"id":303,"href":"https:\/\/johariconsultoria.com.br\/index.php\/wp-json\/wp\/v2\/pages\/294\/revisions\/303"}],"up":[{"embeddable":true,"href":"https:\/\/johariconsultoria.com.br\/index.php\/wp-json\/wp\/v2\/pages\/45"}],"wp:attachment":[{"href":"https:\/\/johariconsultoria.com.br\/index.php\/wp-json\/wp\/v2\/media?parent=294"}],"curies":[{"name":"wp","href":"https:\/\/api.w.org\/{rel}","templated":true}]}}