
{"id":342,"date":"2018-01-24T09:29:23","date_gmt":"2018-01-24T11:29:23","guid":{"rendered":"http:\/\/fgholding.com.br\/johari\/?page_id=342"},"modified":"2018-04-20T12:00:55","modified_gmt":"2018-04-20T15:00:55","slug":"business-coaching","status":"publish","type":"page","link":"https:\/\/johariconsultoria.com.br\/index.php\/servicos\/quero-ser-um-grande-lider\/business-coaching\/","title":{"rendered":"Business Coaching"},"content":{"rendered":"<p><strong>Como aumentar o desempenho da sua empresa? <\/strong><\/p>\n<p>Com o <strong>Business Coaching<\/strong> voc\u00ea consegue. O Coaching \u00e9 voltado para propriet\u00e1rios de empreendimentos de todos os portes, diretores de alto escal\u00e3o e profissionais em busca de alta performance. Al\u00e9m disso, \u00e9 aplic\u00e1vel diante da dificuldade do empres\u00e1rio em gerir o pr\u00f3prio neg\u00f3cio e incide na necessidade de melhorar as suas a\u00e7\u00f5es e alcan\u00e7ar o seu objetivo.<\/p>\n<p>O <strong>Business Coaching<\/strong> \u00e9 indicado tamb\u00e9m para empreendedores que desejam otimizar seus investimentos e ver seus neg\u00f3cios ultrapassarem a fase cr\u00edtica dos primeiros anos com resultados positivos.<\/p>\n<p><img loading=\"lazy\" src=\"\/wp-content\/uploads\/2018\/02\/BUSINESS-COACHING.png\" alt=\"\" width=\"935\" height=\"378\" class=\"alignnone size-full wp-image-494\" srcset=\"https:\/\/johariconsultoria.com.br\/wp-content\/uploads\/2018\/02\/BUSINESS-COACHING.png 935w, https:\/\/johariconsultoria.com.br\/wp-content\/uploads\/2018\/02\/BUSINESS-COACHING-300x121.png 300w, https:\/\/johariconsultoria.com.br\/wp-content\/uploads\/2018\/02\/BUSINESS-COACHING-768x310.png 768w\" sizes=\"(max-width: 935px) 100vw, 935px\" \/><\/p>\n","protected":false},"excerpt":{"rendered":"<p>Como aumentar o desempenho da sua empresa? Com o Business Coaching voc\u00ea consegue. O Coaching \u00e9 voltado para propriet\u00e1rios de empreendimentos de todos os portes, diretores de alto escal\u00e3o e profissionais em busca de alta performance. Al\u00e9m disso, \u00e9 aplic\u00e1vel diante da dificuldade do empres\u00e1rio em gerir o pr\u00f3prio neg\u00f3cio e incide na necessidade de [&hellip;]<\/p>\n","protected":false},"author":1,"featured_media":0,"parent":47,"menu_order":0,"comment_status":"closed","ping_status":"closed","template":"page-servico.php","meta":[],"_links":{"self":[{"href":"https:\/\/johariconsultoria.com.br\/index.php\/wp-json\/wp\/v2\/pages\/342"}],"collection":[{"href":"https:\/\/johariconsultoria.com.br\/index.php\/wp-json\/wp\/v2\/pages"}],"about":[{"href":"https:\/\/johariconsultoria.com.br\/index.php\/wp-json\/wp\/v2\/types\/page"}],"author":[{"embeddable":true,"href":"https:\/\/johariconsultoria.com.br\/index.php\/wp-json\/wp\/v2\/users\/1"}],"replies":[{"embeddable":true,"href":"https:\/\/johariconsultoria.com.br\/index.php\/wp-json\/wp\/v2\/comments?post=342"}],"version-history":[{"count":5,"href":"https:\/\/johariconsultoria.com.br\/index.php\/wp-json\/wp\/v2\/pages\/342\/revisions"}],"predecessor-version":[{"id":635,"href":"https:\/\/johariconsultoria.com.br\/index.php\/wp-json\/wp\/v2\/pages\/342\/revisions\/635"}],"up":[{"embeddable":true,"href":"https:\/\/johariconsultoria.com.br\/index.php\/wp-json\/wp\/v2\/pages\/47"}],"wp:attachment":[{"href":"https:\/\/johariconsultoria.com.br\/index.php\/wp-json\/wp\/v2\/media?parent=342"}],"curies":[{"name":"wp","href":"https:\/\/api.w.org\/{rel}","templated":true}]}}