
{"id":367,"date":"2018-01-24T09:40:44","date_gmt":"2018-01-24T11:40:44","guid":{"rendered":"http:\/\/fgholding.com.br\/johari\/?page_id=367"},"modified":"2018-02-27T16:57:04","modified_gmt":"2018-02-27T19:57:04","slug":"mapa-de-talentos","status":"publish","type":"page","link":"https:\/\/johariconsultoria.com.br\/index.php\/servicos\/autoconhecimento\/mapa-de-talentos\/","title":{"rendered":"Mapa de Talentos"},"content":{"rendered":"<p>Juntos, identificamos os seus talentos naturais.<\/p>\n<p>O <strong>Mapa de Talentos<\/strong> desenvolvidos por n\u00f3s da <strong>Johari<\/strong>, \u00e9 uma t\u00e9cnica cientificamente comprovado de leitura comportamental e psicol\u00f3gica. O intuito \u00e9 identificar os seus talentos, facilitando assim um maior entendimento das suas compet\u00eancias.<\/p>\n<p><strong>Para voc\u00ea:<\/strong><\/p>\n<p>Possibilita escolhas e defini\u00e7\u00f5es assertivas na vida pessoal, na carreira, foco e seguran\u00e7a na tomada de decis\u00e3o. Definir um caminho de excel\u00eancia rumo a alta performance.<\/p>\n<p><strong>Para Empresa:<\/strong><\/p>\n<p>Uma vis\u00e3o detalhada da empresa e das pessoas, subsidiando decis\u00f5es de desenvolvimento do capital humano, principalmente a gest\u00e3o de talentos por compet\u00eancias.<\/p>\n<p><img loading=\"lazy\" src=\"\/wp-content\/uploads\/2018\/02\/MAPA-DE-TALENTOS.png\" alt=\"\" width=\"935\" height=\"378\" class=\"alignnone size-full wp-image-483\" srcset=\"https:\/\/johariconsultoria.com.br\/wp-content\/uploads\/2018\/02\/MAPA-DE-TALENTOS.png 935w, https:\/\/johariconsultoria.com.br\/wp-content\/uploads\/2018\/02\/MAPA-DE-TALENTOS-300x121.png 300w, https:\/\/johariconsultoria.com.br\/wp-content\/uploads\/2018\/02\/MAPA-DE-TALENTOS-768x310.png 768w\" sizes=\"(max-width: 935px) 100vw, 935px\" \/><\/p>\n","protected":false},"excerpt":{"rendered":"<p>Juntos, identificamos os seus talentos naturais. O Mapa de Talentos desenvolvidos por n\u00f3s da Johari, \u00e9 uma t\u00e9cnica cientificamente comprovado de leitura comportamental e psicol\u00f3gica. O intuito \u00e9 identificar os seus talentos, facilitando assim um maior entendimento das suas compet\u00eancias. Para voc\u00ea: Possibilita escolhas e defini\u00e7\u00f5es assertivas na vida pessoal, na carreira, foco e seguran\u00e7a [&hellip;]<\/p>\n","protected":false},"author":1,"featured_media":0,"parent":39,"menu_order":0,"comment_status":"closed","ping_status":"closed","template":"page-servico.php","meta":[],"_links":{"self":[{"href":"https:\/\/johariconsultoria.com.br\/index.php\/wp-json\/wp\/v2\/pages\/367"}],"collection":[{"href":"https:\/\/johariconsultoria.com.br\/index.php\/wp-json\/wp\/v2\/pages"}],"about":[{"href":"https:\/\/johariconsultoria.com.br\/index.php\/wp-json\/wp\/v2\/types\/page"}],"author":[{"embeddable":true,"href":"https:\/\/johariconsultoria.com.br\/index.php\/wp-json\/wp\/v2\/users\/1"}],"replies":[{"embeddable":true,"href":"https:\/\/johariconsultoria.com.br\/index.php\/wp-json\/wp\/v2\/comments?post=367"}],"version-history":[{"count":4,"href":"https:\/\/johariconsultoria.com.br\/index.php\/wp-json\/wp\/v2\/pages\/367\/revisions"}],"predecessor-version":[{"id":519,"href":"https:\/\/johariconsultoria.com.br\/index.php\/wp-json\/wp\/v2\/pages\/367\/revisions\/519"}],"up":[{"embeddable":true,"href":"https:\/\/johariconsultoria.com.br\/index.php\/wp-json\/wp\/v2\/pages\/39"}],"wp:attachment":[{"href":"https:\/\/johariconsultoria.com.br\/index.php\/wp-json\/wp\/v2\/media?parent=367"}],"curies":[{"name":"wp","href":"https:\/\/api.w.org\/{rel}","templated":true}]}}