
{"id":37,"date":"2017-11-29T15:08:49","date_gmt":"2017-11-29T17:08:49","guid":{"rendered":"http:\/\/fgholding.com.br\/johari\/?page_id=37"},"modified":"2020-05-02T13:01:00","modified_gmt":"2020-05-02T16:01:00","slug":"servicos","status":"publish","type":"page","link":"https:\/\/johariconsultoria.com.br\/index.php\/servicos\/","title":{"rendered":"Servi\u00e7os"},"content":{"rendered":"<p>Na d\u00favida de qual carreira seguir? Quer melhorar os relacionamentos internos dentro da sua empresa? Ou est\u00e1 em busca de <strong>novos objetivos<\/strong> de vida e n\u00e3o sabe por onde come\u00e7ar?<\/p>\n<p>N\u00f3s, da Johari, ajudamos voc\u00ea a descobrir a melhor maneira de processar conhecimentos, acelerar aprendizagens, aprimorar <strong>compet\u00eancias<\/strong> e aumentar a sua performance. S\u00e3o mais de <strong>10 anos de experi\u00eancia<\/strong> no <strong>desenvolvimento humano<\/strong> e na busca por mais conhecimentos para oferecer o melhor aos nossos clientes.<\/p>\n<p>Aqui voc\u00ea encontrar\u00e1 <strong>servi\u00e7os personalizados<\/strong> e aplicados por profissionais experientes e capacitadas em m\u00e9todos eficazes e completos de acordo com cada necessidade. Porque assim como a <strong>Johari<\/strong>, pessoas ou organiza\u00e7\u00f5es s\u00e3o diferentes e precisam de servi\u00e7os diferentes.<\/p>\n","protected":false},"excerpt":{"rendered":"<p>Na d\u00favida de qual carreira seguir? Quer melhorar os relacionamentos internos dentro da sua empresa? Ou est\u00e1 em busca de novos objetivos de vida e n\u00e3o sabe por onde come\u00e7ar? N\u00f3s, da Johari, ajudamos voc\u00ea a descobrir a melhor maneira de processar conhecimentos, acelerar aprendizagens, aprimorar compet\u00eancias e aumentar a sua performance. S\u00e3o mais de [&hellip;]<\/p>\n","protected":false},"author":1,"featured_media":0,"parent":0,"menu_order":0,"comment_status":"closed","ping_status":"closed","template":"page-servicos.php","meta":[],"_links":{"self":[{"href":"https:\/\/johariconsultoria.com.br\/index.php\/wp-json\/wp\/v2\/pages\/37"}],"collection":[{"href":"https:\/\/johariconsultoria.com.br\/index.php\/wp-json\/wp\/v2\/pages"}],"about":[{"href":"https:\/\/johariconsultoria.com.br\/index.php\/wp-json\/wp\/v2\/types\/page"}],"author":[{"embeddable":true,"href":"https:\/\/johariconsultoria.com.br\/index.php\/wp-json\/wp\/v2\/users\/1"}],"replies":[{"embeddable":true,"href":"https:\/\/johariconsultoria.com.br\/index.php\/wp-json\/wp\/v2\/comments?post=37"}],"version-history":[{"count":10,"href":"https:\/\/johariconsultoria.com.br\/index.php\/wp-json\/wp\/v2\/pages\/37\/revisions"}],"predecessor-version":[{"id":882,"href":"https:\/\/johariconsultoria.com.br\/index.php\/wp-json\/wp\/v2\/pages\/37\/revisions\/882"}],"wp:attachment":[{"href":"https:\/\/johariconsultoria.com.br\/index.php\/wp-json\/wp\/v2\/media?parent=37"}],"curies":[{"name":"wp","href":"https:\/\/api.w.org\/{rel}","templated":true}]}}